 2091924.
2, 3, 58109
List the prime factors of 2096158.
2, 31, 33809
List the prime factors of 4608512.
2, 9001
What are the prime factors of 7728751?
1699, 4549
What are the prime factors of 732442?
2, 366221
List the prime factors of 533208.
2, 3, 13, 1709
List the prime factors of 135221.
135221
What are the prime factors of 1790986?
2, 313, 2861
List the prime factors of 10055.
5, 2011
What are the prime factors of 124283?
37, 3359
What are the prime factors of 377422?
2, 188711
List the prime factors of 963880.
2, 5, 24097
List the prime factors of 863377.
863377
What are the prime factors of 18208114?
2, 29, 313933
List the prime factors of 470153.
470153
List the prime factors of 7198988.
2, 569, 3163
List the prime factors of 3571762.
2, 23, 77647
List the prime factors of 1369560.
2, 3, 5, 101, 113
What are the prime factors of 910229?
910229
What are the prime factors of 50223?
3, 16741
List the prime factors of 16523955.
3, 5, 7, 52457
What are the prime factors of 3324904?
2, 11, 37783
List the prime factors of 36741.
3, 37, 331
What are the prime factors of 1202071?
13, 92467
What are the prime factors of 1802668?
2, 7, 64381
List the prime factors of 339262.
2, 7, 11, 2203
What are the prime factors of 501982?
2, 13, 43, 449
What are the prime factors of 377636?
2, 7, 13487
List the prime factors of 1628702.
2, 17, 47903
What are the prime factors of 1114709?
1114709
List the prime factors of 611924.
2, 152981
What are the prime factors of 1231801?
257, 4793
What are the prime factors of 20831121?
3, 199, 3877
What are the prime factors of 231650?
2, 5, 41, 113
What are the prime factors of 703082?
2, 419, 839
What are the prime factors of 493457?
493457
List the prime factors of 24262548.
2, 3, 2021879
List the prime factors of 200688.
2, 3, 37, 113
List the prime factors of 2462822.
2, 1231411
What are the prime factors of 37808256?
2, 3, 98459
What are the prime factors of 781518?
2, 3, 130253
List the prime factors of 19724244.
2, 3, 1643687
What are the prime factors of 2231606?
2, 13, 85831
What are the prime factors of 140009?
140009
What are the prime factors of 66940?
2, 5, 3347
What are the prime factors of 3393853?
3393853
List the prime factors of 27202317.
3, 9067439
What are the prime factors of 531732?
2, 3, 73, 607
What are the prime factors of 949052?
2, 13, 18251
List the prime factors of 125045.
5, 89, 281
List the prime factors of 530255.
5, 11, 31, 311
List the prime factors of 814378.
2, 19, 29, 739
What are the prime factors of 2352166?
2, 1176083
What are the prime factors of 6641527?
6641527
What are the prime factors of 926285?
5, 61, 3037
List the prime factors of 2137935.
3, 5, 142529
List the prime factors of 89961.
3, 157, 191
List the prime factors of 244818.
2, 3, 7, 29, 67
List the prime factors of 238063.
7, 71, 479
What are the prime factors of 18809881?
18809881
What are the prime factors of 1313947?
17, 77291
What are the prime factors of 470089?
470089
What are the prime factors of 58267?
11, 5297
What are the prime factors of 474122?
2, 11, 23, 937
List the prime factors of 679559.
457, 1487
List the prime factors of 1464419.
11, 67, 1987
List the prime factors of 208140.
2, 3, 5, 3469
What are the prime factors of 135391?
135391
List the prime factors of 125627.
125627
What are the prime factors of 445330?
2, 5, 44533
List the prime factors of 8728507.
29, 491, 613
What are the prime factors of 233105?
5, 23, 2027
What are the prime factors of 16993983?
3, 31, 359, 509
What are the prime factors of 4053359?
23, 29, 59, 103
What are the prime factors of 10107897?
3, 109, 30911
List the prime factors of 181122.
2, 3, 30187
List the prime factors of 1307861.
17, 107, 719
List the prime factors of 109062.
2, 3, 73, 83
List the prime factors of 1692947.
1692947
List the prime factors of 380708.
2, 95177
What are the prime factors of 2914681?
7, 11, 37853
What are the prime factors of 597114?
2, 3, 7, 677
List the prime factors of 450187.
191, 2357
List the prime factors of 2748822.
2, 3, 23, 19919
What are the prime factors of 164166?
2, 3, 27361
List the prime factors of 2108267.
7, 301181
List the prime factors of 763850.
2, 5, 15277
What are the prime factors of 20456102?
2, 79, 129469
List the prime factors of 2511464.
2, 313933
List the prime factors of 287136.
2, 3, 997
List the prime factors of 14866861.
683, 21767
List the prime factors of 174010.
2, 5, 17401
List the prime factors of 11298338.
2, 599, 9431
List the prime factors of 1476016.
2, 92251
List the prime factors of 3946958.
2, 17, 29, 4003
List the prime factors of 8804201.
7, 19, 53, 1249
List the prime factors of 790926.
2, 3, 61, 2161
List the prime factors of 1102379.
1039, 1061
List the prime factors of 473203.
473203
List the prime factors of 89481.
3, 7, 4261
List the prime factors of 17300131.
79, 218989
What are the prime factors of 12681581?
11, 541, 2131
What are the prime factors of 1437129?
3, 17, 31, 101
List the prime factors of 664234.
2, 332117
List the prime factors of 5010186.
2, 3, 19, 71, 619
What are the prime factors of 14790108?
2, 3, 43, 28663
What are the prime factors of 477490?
2, 5, 13, 3673
What are the prime factors of 306680?
2, 5, 11, 17, 41
List the prime factors of 322684.
2, 80671
What are the prime factors of 21335603?
47, 453949
List the prime factors of 600810.
2, 3, 5, 7, 2861
What are the prime factors of 1669929?
3, 19, 29297
What are the prime factors of 2392920?
2, 3, 5, 17, 23
List the prime factors of 218405.
5, 11, 19
What are the prime factors of 7722501?
3, 2574167
What are the prime factors of 11991?
3, 7, 571
List the prime factors of 1218961.
487, 2503
What are the prime factors of 4396130?
2, 5, 439613
List the prime factors of 3745624.
2, 83, 5641
List the prime factors of 6857470.
2, 5, 685747
What are the prime factors of 152130?
2, 3, 5, 11, 461
List the prime factors of 2870835.
3, 5, 11, 127, 137
What are the prime factors of 323389?
11, 29399
List the prime factors of 251751.
3, 31, 2707
What are the prime factors of 2310926?
2, 31, 37273
What are the prime factors of 6543745?
5, 13, 100673
List the prime factors of 20764168.
2, 2595521
What are the prime factors of 775642?
2, 7, 17, 3259
What are the prime factors of 17998470?
2, 3, 5, 7, 89, 107
What are the prime factors of 237716?
2, 67, 887
What are the prime factors of 714895?
5, 142979
What are the prime factors of 4681433?
4681433
List the prime factors of 446510.
2, 5, 44651
What are the prime factors of 21681015?
3, 5, 1445401
What are the prime factors of 7195058?
2, 13, 127, 2179
What are the prime factors of 1781382?
2, 3, 337, 881
List the prime factors of 3338677.
67, 49831
List the prime factors of 4177409.
4177409
List the prime factors of 7504893.
3, 11, 8423
What are the prime factors of 16231346?
2, 8115673
What are the prime factors of 24373462?
2, 349, 34919
What are the prime factors of 10937372?
2, 2734343
List the prime factors of 216109.
197, 1097
What are the prime factors of 570015?
3, 5, 53, 239
List the prime factors of 3785043.
3, 239, 5279
What are the prime factors of 4755110?
2, 5, 475511
What are the prime factors of 6198618?
2, 3, 317, 3259
List the prime factors of 13454633.
17, 53, 109, 137
List the prime factors of 550083.
3, 183361
List the prime factors of 15063398.
2, 7, 1075957
What are the prime factors of 862428?
2, 3, 7, 10267
What are the prime factors of 2988823?
37, 80779
What are the prime factors of 716357?
19, 37, 1019
What are the prime factors of 9198482?
2, 23, 199967
List the prime factors of 9903238.
2, 257, 19267
What are the prime factors of 2115868?
2, 528967
List the prime factors of 525487.
17, 30911
List the prime factors of 14371732.
2, 17, 211349
What are the prime factors of 112728?
2, 3, 7, 11, 61
What are the prime factors of 345921?
3, 67, 1721
List the prime factors of 258225.
3, 5, 11, 313
What are the prime factors of 16447?
16447
List the prime factors of 7036637.
7036637
What are the prime factors of 573210?
2, 3, 5, 11, 193
What are the prime factors of 5813385?
3, 5, 43, 9013
What are the prime factors of 723363?
3, 41, 5881
List the prime factors of 967838.
2, 277, 1747
What are the prime factors of 159110?
2, 5, 7, 2273
List the prime 